iple of 130?
False
Is 11 a factor of 218?
False
Is 585 a multiple of 39?
True
Does 6 divide 181?
False
Is 15 a factor of 19005?
True
Does 35 divide 945?
True
Is 20 a factor of 3960?
True
Does 22 divide 1738?
True
Is 9553 a multiple of 87?
False
Does 14 divide 23436?
True
Is 720 a multiple of 40?
True
Is 9310 a multiple of 35?
True
Is 28 a factor of 1336?
False
Does 17 divide 204?
True
Is 27 a factor of 891?
True
Is 5 a factor of 1085?
True
Is 9 a factor of 531?
True
Is 6944 a multiple of 28?
True
Does 10 divide 2222?
False
Is 38 a factor of 1715?
False
Is 11 a factor of 1343?
False
Is 792 a multiple of 11?
True
Does 23 divide 570?
False
Is 10 a factor of 1722?
False
Is 76 a factor of 261?
False
Is 27 a factor of 977?
False
Is 3149 a multiple of 20?
False
Is 14 a factor of 10538?
False
Does 27 divide 1035?
False
Is 83 a factor of 113?
False
Is 215 a factor of 59340?
True
Does 7 divide 483?
True
Is 3491 a multiple of 7?
False
Is 870 a multiple of 10?
True
Is 2334 a multiple of 34?
False
Is 352 a multiple of 22?
True
Is 8750 a multiple of 50?
True
Is 5278 a multiple of 29?
True
Is 4501 a multiple of 116?
False
Does 31 divide 28268?
False
Is 81 a factor of 3159?
True
Is 4 a factor of 1409?
False
Is 24 a factor of 1853?
False
Is 3 a factor of 1344?
True
Is 464 a multiple of 8?
True
Is 82 a factor of 2788?
True
Does 30 divide 429?
False
Does 6 divide 2016?
True
Is 17043 a multiple of 19?
True
Is 13 a factor of 702?
True
Is 22 a factor of 640?
False
Is 21498 a multiple of 35?
False
Is 311 a factor of 21079?
False
Does 63 divide 94358?
False
Is 38 a factor of 4197?
False
Is 10 a factor of 22090?
True
Is 11424 a multiple of 7?
True
Does 8 divide 172?
False
Is 2 a factor of 225?
False
Is 15 a factor of 44729?
False
Is 1176 a multiple of 28?
True
Is 638 a multiple of 25?
False
Is 199 a multiple of 4?
False
Does 65 divide 915?
False
Is 20 a factor of 203?
False
Is 9292 a multiple of 78?
False
Is 3120 a multiple of 162?
False
Is 1508 a multiple of 59?
False
Is 33 a factor of 11492?
False
Is 6838 a multiple of 13?
True
Does 32 divide 5082?
False
Is 7160 a multiple of 62?
False
Does 11 divide 10648?
True
Is 54 a factor of 540?
True
Is 79 a multiple of 42?
False
Is 566 a multiple of 5?
False
Is 5 a factor of 1145?
True
Is 56 a factor of 2736?
False
Is 27965 a multiple of 35?
True
Is 1274 a multiple of 13?
True
Is 2356 a multiple of 79?
False
Is 132 even?
True
Does 226 divide 23838?
False
Does 34 divide 82824?
True
Is 2775 a multiple of 185?
True
Does 20 divide 49920?
True
Is 50 a multiple of 40?
False
Does 59 divide 2065?
True
Is 6188 a multiple of 52?
True
Is 19 a factor of 865?
False
Does 16 divide 5778?
False
Is 17 a factor of 1020?
True
Is 31 a factor of 9422?
False
Does 4 divide 151?
False
Does 12 divide 1399?
False
Is 12 a factor of 732?
True
Is 17 a factor of 530?
False
Does 12 divide 14568?
True
Does 9 divide 2646?
True
Does 106 divide 77274?
True
Does 70 divide 1470?
True
Is 12 a factor of 11196?
True
Does 34 divide 9214?
True
Is 42 a factor of 54021?
False
Does 135 divide 19730?
False
Does 16 divide 13456?
True
Is 624 a multiple of 12?
True
Is 58 a factor of 436?
False
Is 33 a multiple of 2?
False
Does 66 divide 8448?
True
Is 12 a factor of 1428?
True
Does 11 divide 363?
True
Does 105 divide 5040?
True
Does 63 divide 1827?
True
Is 3 a factor of 9783?
True
Does 17 divide 1173?
True
Is 12593 a multiple of 32?
False
Does 55 divide 605?
True
Is 8 a factor of 23?
False
Is 2292 a multiple of 115?
False
Does 24 divide 17968?
False
Is 17 a factor of 6642?
False
Does 113 divide 17423?
False
Does 34 divide 388?
False
Does 10 divide 179?
False
Is 16 a factor of 23236?
False
Is 389 a multiple of 39?
False
Is 100 a factor of 2093?
False
Is 275 a factor of 31152?
False
Is 2586 a multiple of 23?
False
Does 27 divide 3159?
True
Is 37 a factor of 2979?
False
Is 1260 a multiple of 42?
True
Is 48 a factor of 1011?
False
Is 3 a factor of 96?
True
Is 7 a factor of 567?
True
Does 93 divide 11301?
False
Is 8265 a multiple of 57?
True
Does 38 divide 197?
False
Does 10 divide 1289?
False
Is 1338 a multiple of 31?
False
Is 12035 a multiple of 29?
True
Is 49 a factor of 635?
False
Is 700 a multiple of 74?
False
Is 11 a factor of 58157?
True
Is 589 a multiple of 22?
False
Is 14 a factor of 2035?
False
Is 1358 a multiple of 67?
False
Does 31 divide 14082?
False
Does 12 divide 165?
False
Is 16 a factor of 890?
False
Is 1574 a multiple of 72?
False
Is 1260 a multiple of 8?
False
Does 26 divide 1756?
False
Does 68 divide 26974?
False
Does 28 divide 20888?
True
Is 810 a multiple of 30?
True
Does 11 divide 66?
True
Is 139845 a multiple of 325?
False
Is 72487 a multiple of 12?
False
Is 2754 a multiple of 141?
False
Is 851 a multiple of 45?
False
Is 28 a multiple of 2?
True
Is 13320 a multiple of 24?
True
Is 4768 a multiple of 16?
True
Is 3653 a multiple of 13?
True
Is 89 a factor of 31595?
True
Is 2394 a multiple of 34?
False
Does 8 divide 5260?
False
Does 32 divide 7264?
True
Is 69 a factor of 19078?
False
Is 49 a factor of 3969?
True
Is 34 a factor of 18353?
False
Is 2 a factor of 557?
False
Is 12 a factor of 118?
False
Is 2064 a multiple of 4?
True
Is 10 a factor of 14430?
True
Does 37 divide 370?
True
Does 10 divide 530?
True
Is 162 a multiple of 9?
True
Is 31 a factor of 35557?
True
Does 259 divide 51282?
True
Is 210 a multiple of 5?
True
Does 51 divide 73?
False
Is 41 a factor of 1681?
True
Is 775 a multiple of 12?
False
Is 1617 a multiple of 91?
False
Is 634 a multiple of 3?
False
Is 17 a factor of 96654?
False
Is 21 a factor of 2100?
True
Does 27 divide 18360?
True
Does 17 divide 2023?
True
Does 22 divide 1175?
False
Does 276 divide 149449?
False
Is 8480 a multiple of 160?
True
Does 21 divide 2756?
False
Is 111560 a multiple of 143?
False
Is 11 a factor of 955?
False
Is 64 a factor of 35776?
True
Is 2376 a multiple of 12?
True
Is 90 a factor of 1297?
False
Is 72274 a multiple of 65?
False
Is 4059 a multiple of 11?
True
Does 12 divide 348?
True
Does 12 divide 360?
True
Is 53 a factor of 7844?
True
Is 12 a factor of 672?
True
Does 223 divide 16120?
False
Does 3 divide 205?
False
Is 4564 a multiple of 11?
False
Is 43 a factor of 13628?
False
Does 54 divide 140?
False
Is 33 a factor of 3430?
False
Is 6 a factor of 16004?
False
Is 29204 a multiple of 14?
True
Is 46 a factor of 874?
True
Is 14657 a multiple of 51?
False
Is 539 a multiple of 49?
True
Does 9 divide 3998?
False
Is 27 even?
False
Is 22 a factor of 4774?
True
Is 33 a factor of 345?
False
Is 94 a factor of 1880?
True
Does 39 divide 40950?
True
Is 100 a multiple of 66?
False
Does 23 divide 1058?
True
Does 10 divide 562?
False
Is 337 a multiple of 3?
False
Is 101765 a multiple of 33?
False
Does 15 divide 615?
True
Does 14 divide 20622?
True
Is 28 even?
True
Is 171 a multiple of 9?
True
Is 11 a factor of 583?
True
Is 14 a factor of 101978?
False
Is 46 a factor of 113988?
True
Does 18 divide 13248?
True
Is 28 a factor of 168?
True
Does 40 divide 5776?
False
Does 13 divide 2293?
False
Is 29202 a multiple of 42?
False
Does 12 divide 1164?
True
Is 13372 a multiple of 179?
False
Is 15128 a multiple of 61?
True
Is 13988 a multiple of 26?
True
Is 13240 a multiple of 40?
True
Is 5 a factor of 26866?
False
Is 99 a factor of 1143?
False
Does 16 divide 48881?
False
Does 13 divide 403?
True
Does 6 divide 13548?
True
Is 3661 a multiple of 7?
True
Is 5 a factor of 6664?
False
Is 9501 a multiple of 12?
False
Is 11 a factor of 514?
False
Is 19 a factor of 77861?
False
Is 104045 a multiple of 10?
False
Does 17 divide 918?
True
Is 41784 a multiple of 6?
True
Is 121 a factor of 6897?
True
Is 122 a factor of 24522?
True
Is 3696 a multiple of 7?
True
Does 13 divide 39?
True
Does 48 divide 12150?
False
Is 19 a factor of 3395?
False
Is 3269 a multiple of 14?
False
Does 4 divide 676?
True
Does 4 divide 104?
True
Does 10 divide 18869?
False
Is 9 a factor of 309?
False
Is 34 a factor of 646?
True
Is 30 a factor of 2130?
True
Is 30 a factor of 330?
True
Does 13 divide 507?
True
Does 4 divide 2247?
False
Is 5 a factor of 27467?
False
Does 2 divide 189?
False
Is 29936 a multiple of 31?
False
Is 35 a factor of 7173?
False
Does 3 divide 743?
False
Is 21 a factor of 2358?
False
Is 130485 a multiple of 15?
True
Does 70 divide 5880?
True
Does 54 divide